st common factor of 45604 and 218192.
52
What is the highest common factor of 1426 and 472029?
23
What is the greatest common divisor of 94316 and 124325132?
5548
Calculate the greatest common divisor of 189 and 488349351.
189
What is the highest common divisor of 92 and 119276?
4
Calculate the greatest common divisor of 11905928 and 824.
8
Calculate the greatest common divisor of 1820076 and 11820.
12
What is the highest common divisor of 2801525 and 75?
25
Calculate the highest common factor of 3312 and 7207326.
414
What is the greatest common divisor of 359800631 and 4148?
1037
What is the highest common factor of 28 and 2401550200?
28
Calculate the highest common divisor of 131177741 and 2.
1
What is the greatest common divisor of 539973354 and 12?
6
What is the highest common divisor of 33 and 1430151?
3
What is the highest common factor of 305 and 5439309?
61
What is the greatest common divisor of 228588 and 6278?
86
Calculate the greatest common factor of 23414 and 1886354.
1018
What is the greatest common divisor of 1024759 and 162733?
353
Calculate the greatest common divisor of 1707688 and 172.
4
Calculate the greatest common factor of 60330 and 330.
30
What is the greatest common factor of 84 and 59358642?
42
What is the greatest common factor of 320 and 28135936?
64
Calculate the highest common divisor of 503072 and 12928192.
2528
What is the highest common factor of 5090845 and 2180?
545
What is the greatest common divisor of 1897612 and 1696?
212
Calculate the highest common factor of 368 and 127293808.
16
Calculate the highest common factor of 579 and 732572223.
579
Calculate the greatest common factor of 1448 and 64399.
1
Calculate the highest common divisor of 73717281 and 165.
33
Calculate the highest common factor of 1295598 and 2443500.
1086
What is the greatest common divisor of 5844880 and 25?
5
Calculate the highest common factor of 182204 and 35629.
451
Calculate the highest common factor of 19588 and 22892.
236
What is the highest common divisor of 2085263400 and 55?
55
What is the greatest common factor of 178 and 41426652?
178
What is the highest common factor of 2737724 and 1849?
43
What is the highest common divisor of 5082 and 53274144?
462
Calculate the greatest common divisor of 6406875 and 340.
85
Calculate the highest common factor of 17928 and 898584.
24
Calculate the greatest common divisor of 4005 and 12168080.
445
What is the highest common divisor of 496 and 223399888?
496
What is the highest common factor of 36015 and 271740?
105
What is the greatest common factor of 16 and 382708528?
16
What is the greatest common divisor of 113427437 and 571?
571
Calculate the highest common divisor of 19005 and 17903253.
543
What is the highest common factor of 287660 and 10260?
380
Calculate the highest common factor of 8 and 5510692.
4
Calculate the highest common divisor of 58260 and 226200.
60
What is the greatest common divisor of 99 and 1028632?
11
Calculate the highest common divisor of 33252 and 21471.
51
What is the greatest common factor of 8 and 7742148?
4
Calculate the greatest common divisor of 130624 and 238012.
628
What is the highest common divisor of 2250 and 3378600?
450
What is the highest common factor of 1143221 and 99101?
113
Calculate the greatest common divisor of 649803 and 374.
11
What is the greatest common divisor of 5229 and 8023610?
581
Calculate the greatest common factor of 1054 and 209961016.
1054
Calculate the greatest common factor of 34219249 and 1099.
157
Calculate the greatest common divisor of 4524 and 2298036.
156
What is the greatest common divisor of 6 and 531162?
6
What is the highest common divisor of 902 and 7593938?
902
What is the highest common factor of 453508 and 2805?
11
Calculate the greatest common divisor of 84 and 6893943.
21
Calculate the highest common factor of 2079930 and 2565.
285
Calculate the highest common divisor of 8033480 and 39.
13
Calculate the greatest common divisor of 76205781 and 102.
51
Calculate the greatest common divisor of 352 and 964256.
32
What is the highest common factor of 68 and 185351?
17
Calculate the highest common factor of 8284 and 905027.
2071
What is the greatest common factor of 531703833 and 13164?
3291
What is the greatest common divisor of 3711630 and 118482?
2418
What is the greatest common factor of 4821149 and 12997?
41
Calculate the greatest common divisor of 1311 and 4030888.
437
What is the highest common factor of 1042617 and 27?
3
What is the greatest common factor of 1998 and 60726?
6
What is the highest common factor of 472 and 14278118?
118
Calculate the greatest common divisor of 55068 and 3228.
12
What is the highest common factor of 1907560 and 124424?
824
Calculate the highest common factor of 32436 and 3121488.
1908
What is the greatest common factor of 167401 and 1343?
79
Calculate the highest common factor of 1764545376 and 1056.
1056
Calculate the highest common divisor of 3142 and 156569002.
3142
What is the greatest common divisor of 4471313 and 605?
121
What is the highest common factor of 294 and 121854474?
294
Calculate the greatest common factor of 191875 and 45743.
307
Calculate the greatest common divisor of 290352 and 32.
16
Calculate the highest common divisor of 531804 and 3141138.
546
Calculate the highest common divisor of 12000 and 2458656.
96
What is the greatest common divisor of 639444 and 4212?
156
Calculate the greatest common divisor of 120 and 326616.
24
What is the greatest common divisor of 779709 and 1685726?
2429
Calculate the highest common factor of 52971593 and 229.
229
Calculate the greatest common factor of 56566335 and 70.
35
What is the greatest common divisor of 4863909 and 999?
111
Calculate the highest common divisor of 530544 and 7854.
42
What is the greatest common factor of 4123132 and 15392?
1924
Calculate the highest common divisor of 934736 and 10340.
2068
Calculate the highest common divisor of 37891706 and 15268.
694
Calculate the greatest common factor of 153 and 5659878.
51
What is the highest common divisor of 642430 and 5185?
85
Calculate the greatest common divisor of 71587 and 2227619.
4211
What is the highest common divisor of 3751430 and 17?
1
Calculate the highest common divisor of 36 and 17887572.
36
What is the highest common divisor of 240 and 828288?
48
What is the greatest common factor of 1777984 and 50752?
832
What is the greatest common divisor of 48 and 54612990?
6
Calculate the greatest common factor of 368375 and 94304.
2947
What is the highest common divisor of 528789 and 39843?
57
What is the highest common factor of 189453 and 41151?
33
What is the greatest common divisor of 1617 and 2827077?
33
What is the greatest common factor of 114263 and 1141?
163
What is the highest common divisor of 10587 and 666?
3
Calculate the greatest common divisor of 213071892 and 472.
236
Calculate the greatest common factor of 10818339 and 38157.
1659
What is the greatest common factor of 3859780 and 472?
236
Calculate the greatest common factor of 3270528 and 3096.
72
What is the greatest common divisor of 3468 and 104912202?
1734
What is the highest common factor of 4449214 and 108383?
1837
What is the greatest common factor of 42 and 4851756?
42
What is the greatest common factor of 12452992 and 542?
542
Calculate the greatest common divisor of 7425770 and 14630.
2090
What is the highest common divisor of 72 and 20025279?
9
Calculate the greatest common factor of 40077408 and 192.
96
What is the highest common divisor of 149418356 and 76?
76
What is the highest common factor of 4809852 and 3330?
666
Calculate the greatest common divisor of 90282 and 984294.
2202
Calculate the greatest common factor of 1180 and 210835615.
295
Calculate the highest common divisor of 438033741 and 183.
183
Calculate the greatest common divisor of 15275 and 9475.
25
What is the highest common factor of 2656 and 108427216?
1328
Calculate the highest common factor of 90 and 31110111.
9
What is the highest common factor of 11262 and 202974?
6
What is the highest common factor of 196713 and 742005?
99
What is the highest common divisor of 737583484 and 14608?
3652
What is the highest common divisor of 910470 and 4752858?
2046
What is the highest common factor of 29902257 and 8